t o be l(-8). Suppose -4 - o = -3*w. What is the highest common divisor of 12 and w?
3
Let w(j) = 3*j - 13. Let z be w(12). Calculate the greatest common divisor of 115 and z.
23
Suppose 5*r = i + 724, -3*i + 1 = -2*i. What is the highest common factor of 58 and r?
29
Suppose -l + 3*l - 18 = 0. Suppose 0 = -2*s - 2*j + 120, -3*s - 2*s + 2*j + 321 = 0. Calculate the greatest common factor of l and s.
9
Let i be (-1)/((-3)/(2 - 17)). Let l be 13/i - (-3)/5. Let j be 55/4*(6 + l). Calculate the highest common factor of 11 and j.
11
Let f(c) = c**2 - 6*c + 4. Let d be f(4). Let l be 18/(1 - 2/d). Calculate the greatest common factor of 12 and l.
12
Let l(u) = 40*u + 3. Let b be l(4). Let p be 1/4 - b/(-4). Let r = p - 24. Calculate the highest common divisor of r and 153.
17
Let m be 66/(4/(5*(-12)/(-10))). What is the highest common divisor of m and 11?
11
Suppose 5*g - 34 + 4 = 0. Suppose 5*w = 4*p - 7*p - 20, -2*p - 20 = 5*w. Let f be (w/8)/((-1)/18). Calculate the greatest common factor of g and f.
3
Let y(i) = i**3 - 5*i**2 - 6*i + 3. Let a be y(6). Suppose 30 = 5*d - t + 4*t, -4*t = -20. Calculate the greatest common divisor of d and a.
3
Suppose 2*t - 5*v = 49 - 20, 4*t - 2*v = 18. Suppose -4*s = -t*s + 8, -4*s = m + 3. Suppose -5*u = -6 - 124. Calculate the greatest common factor of m and u.
13
Let x = -21 + 33. Calculate the greatest common factor of x and 30.
6
Let a = -18 + 15. Let k be 3*a/9*-72. Suppose 2*c + 9 = 3*c. What is the highest common divisor of k and c?
9
Let q = 0 + 4. What is the greatest common factor of q and 10?
2
Suppose -5*z = -z. Suppose z*k - 2*k + 396 = 0. Calculate the highest common factor of 22 and k.
22
Let o = 8 - 16. Let g(y) = -15*y + 8. Let b be g(o). What is the greatest common factor of b and 16?
16
Suppose -7 = 2*v - 3*a, -v - 16 = -5*v - 4*a. Let m(x) = -6 + 2 + 2*x - v. Let o be m(6). What is the highest common factor of o and 49?
7
Let q be (1 - 2)*1*-105. What is the greatest common divisor of 15 and q?
15
Let s = 0 + 0. Let l(y) = y**2 - y + 10. Let a be l(s). Suppose v = 2*n - 156, 4*v = -1 + 17. Calculate the highest common factor of a and n.
10
Let i = 23 + -5. Calculate the highest common divisor of 6 and i.
6
Let v be (-1 - (-9)/5)*5. Let q = 38 + -22. What is the highest common factor of q and v?
4
Suppose -h = -6*h - 95. Let u = -9 - h. Let s = 506 - 426. What is the greatest common factor of s and u?
10
Suppose 0 = -2*n + 6. Calculate the highest common divisor of n and 5.
1
Suppose 0 = 7*f + 2*f - 9. What is the greatest common divisor of f and 9?
1
Suppose 0 = 3*d - 277 + 49. Calculate the highest common divisor of d and 19.
19
Let n(b) = b**3 + 3*b**2 + 7*b - 5. Let a be n(4). Suppose -2*r + 41 = 3*y, -4*y + 81 = y - 3*r. Calculate the highest common factor of y and a.
15
Suppose -5 = 2*l + u, -2*l - u = 2*u + 3. Suppose -4*f - f = 0. Let m = f - l. What is the highest common factor of m and 1?
1
Let i(b) be the second derivative of 5*b**3/3 - 3*b**2 + b. Let y be i(4). What is the highest common divisor of y and 17?
17
Suppose 5*b - 2*i = -0*i + 341, 0 = -4*b - 5*i + 286. Suppose 3*a - 20 = -5*r, 4*r - b = 4*a - 21. What is the greatest common factor of 7 and r?
7
Suppose 4*a - k = a + 29, -31 = -3*a + 2*k. Let u(p) = p**2 - 7*p - 4. Let w be u(a). What is the highest common factor of w and 112?
14
Let s(n) = 8*n**2 + 1. Let b be s(-1). Suppose b = -3*x + 63. Calculate the greatest common factor of x and 12.
6
Let a be ((-5)/(-2) + -1)*-2. Let y(u) = -u**2 - 6*u - 3. Let z be y(a). Let g = -1 + 7. What is the highest common factor of z and g?
6
Let a be 1608/36 - (-1)/3. What is the highest common divisor of 5 and a?
5
Let x(s) = 2*s**2 + s + 2. Let v be x(5). Suppose 0 = 5*w - v - 3. Calculate the greatest common divisor of w and 8.
4
Let r(a) = 2*a - 7. Suppose 9 = 3*y, -4*y + 22 = 4*s - 2*s. Let b be r(s). Let o be -3 + 15 + b/3. What is the greatest common factor of o and 13?
13
Let l be 1/((-36)/(-32) - 1). Calculate the highest common factor of l and 20.
4
Let d(u) = -3*u - 14. Let b be d(-7). Suppose b*p + 462 = 13*p. Let m = -18 - -29. Calculate the greatest common factor of p and m.
11
Let j = 26 + -20. Let d = 29 + -13. Let q = -7 + d. Calculate the greatest common factor of q and j.
3
Suppose 60 + 9 = 3*u + g, -2*u = 3*g - 39. Calculate the highest common divisor of 84 and u.
12
Suppose -8*h + 10*h - 170 = 0. What is the highest common factor of h and 17?
17
Let w = 108 - 107. Calculate the highest common factor of w and 6.
1
Let k be 2 + (0 + -2)/(-2). Suppose -2*l + 68 = 2*t, -l = -4*t - k*l + 140. What is the highest common factor of 54 and t?
18
Suppose 93 = 5*r + 3*l, 2*l + 12 = r - 4. Suppose 3*h - 5*h = 2*z - r, 0 = 5*h + 5. What is the highest common divisor of 100 and z?
10
Let h(q) = -q**2 - 12*q - 14. Let r be h(-7). What is the greatest common divisor of 7 and r?
7
Let k be (-8 + 1)/(1/(-2)). Let b be (5/(-5))/((-2)/k). Suppose -b = r + 4*c - 3, -2*r + 14 = -3*c. Calculate the greatest common divisor of 4 and r.
4
Suppose x + k + 41 = 0, 2*k + 223 = -4*x + 61. Let q = 2 - x. Let g(i) = i**2 - 3*i - 12. Let z be g(8). What is the greatest common divisor of q and z?
14
Let n = 11 + -12. Let r(b) = -2*b**3 - b - 1. Let c be r(n). What is the highest common divisor of c and 8?
2
Let y(r) = -r**3 - 5*r**2 + 6*r + 3. Let j be y(-6). Suppose -2*v + j*h - 4*h = -20, -4*h - 52 = -4*v. Calculate the greatest common divisor of v and 99.
11
Suppose 0 = 5*u - 5 - 5. Let p be (-14 - 2/u)*-1. Calculate the greatest common divisor of p and 6.
3
Let a = -15 + 48. What is the greatest common factor of a and 3?
3
Let u(h) = h**3 - 9*h**2 + 8*h + 3. Let r be u(8). Suppose -217 = 5*q + r. Let v = -28 - q. What is the greatest common divisor of v and 24?
8
Let y = -24 - -42. Let n(l) = -l**2 + 3*l + 126. Let t be n(0). What is the highest common factor of y and t?
18
Let f(k) = 2*k**3 - 16*k**2 - 10*k + 8. Let v be f(9). What is the highest common factor of v and 10?
10
Let f = -2 - -22. Suppose 2*u - 45 - 60 = 5*o, -5*u - 3*o = -247. Calculate the highest common factor of f and u.
10
Let p = 4 - 4. Suppose -92 = -p*q - 4*q. Let b = q + 7. What is the highest common factor of 20 and b?
10
Suppose -3*v - 3 = -3*t - 0*v, 0 = -4*t + v + 1. Let l(u) = -u + 6. Let i be l(t). What is the highest common divisor of 54 and i?
6
Let m(z) = 3 - 6 - 5*z**3 + 4*z**3 + 0 + z + 9*z**2. Let u be m(7). Suppose -5*y + 2*y + u = 0. What is the greatest common divisor of y and 51?
17
Suppose -g + 7 = 1. Suppose 6 + g = 2*m. What is the highest common divisor of 24 and m?
6
Suppose 8 = -2*h - 4*q, 2*h + 2*q + 6 = -q. Suppose -m - m + 38 = h. Calculate the highest common divisor of m and 95.
19
Suppose -5*k = 5*d - 60, -5*d = -2*k - 0 + 3. Let w = -10 + 1. Let z be (4 + -5)*w*11. What is the greatest common factor of k and z?
9
Suppose 2*m + 3*m = 5. Let g be 2 + (m - 1)/(-2). Suppose -f + 10 + 0 = 3*z, -4*z + 4*f = 8. Calculate the highest common factor of g and z.
2
Suppose 5*m - 4*m - 2 = 0. Suppose -m*b = -w + 40, -3 = -b + 1. Let u be 2*9/(15/5). What is the greatest common factor of w and u?
6
Let m = -76 + 78. Calculate the greatest common divisor of 32 and m.
2
Suppose -2*n = -4*n. Let h = -1 - n. Let d be (1 - -2) + h/(-1). Calculate the highest common factor of 10 and d.
2
Suppose 3*z - 22 = 3*l - l, 5*z - 22 = -4*l. Calculate the greatest common factor of z and 12.
6
Let o(x) = -x**2 + 18*x - 3. Let m be o(17). What is the highest common factor of 14 and m?
14
Let o(q) = -5 - 9*q - 57*q - 4*q. Let a be o(-4). What is the greatest common divisor of a and 25?
25
Suppose 2*z + z - 8 = -2*a, 5*a + 5*z = 15. Calculate the greatest common factor of a and 9.
1
Let q = 166 - 119. Suppose 0 = 3*n + 3*j - 45, -3*n = 5*j - 0*j - q. What is the highest common factor of n and 14?
14
Let t(r) = 22*r**2 + 14*r + 8. Let b be t(-4). What is the greatest common factor of 16 and b?
16
Let m = 12 - -1. Suppose -2*k - 104 = -6*k. What is the greatest common factor of k and m?
13
Suppose 7*o - 3*o - 24 = 0. Let d(n) = 2*n**3 - 38*n**2 + 3*n - 45. Let x be d(19). Calculate the greatest common factor of o and x.
6
Let z be 7 - 20 - 2*-1. Let a = 29 + z. Suppose 2*c - a = -c. Calculate the highest common divisor of 